 826?
821
In base 9, what is -15363 - 0?
-15363
In base 4, what is -10 - 302220?
-302230
In base 4, what is -1 - -210?
203
In base 3, what is 10 - -2000222?
2001002
In base 11, what is 2 + -7?
-5
In base 2, what is 100111 + 10110?
111101
In base 4, what is -3003112 + -11?
-3003123
In base 5, what is -41411 - -3?
-41403
In base 3, what is 20 - 1100?
-1010
In base 12, what is 2 + -317?
-315
In base 5, what is -400 - -14?
-331
In base 12, what is -7 - 297?
-2a2
In base 6, what is 452 - -10?
502
In base 8, what is -1205 + -1?
-1206
In base 7, what is 202 - 2?
200
In base 6, what is -111 - 1?
-112
In base 2, what is 10 - 10101001111?
-10101001101
In base 15, what is 5 - 1b3?
-1ad
In base 12, what is -23a - 2?
-240
In base 16, what is 0 + bc?
bc
In base 13, what is -34 - 18?
-4c
In base 3, what is 220100 - -21?
220121
In base 13, what is -2 + 8?
6
In base 3, what is 1012002 + 1?
1012010
In base 13, what is -25 + -1?
-26
In base 8, what is 4 - -232?
236
In base 11, what is a714 - 0?
a714
In base 15, what is 8 + 29?
32
In base 12, what is -288 + -5?
-291
In base 3, what is 1112 + -110?
1002
In base 3, what is -20022211 - -1?
-20022210
In base 3, what is 12 - 1222?
-1210
In base 9, what is -3 + -54?
-57
In base 3, what is 10 + -1021212?
-1021202
In base 13, what is 10 - b?
2
In base 5, what is -2003 - -4?
-1444
In base 14, what is -7 - -30?
27
In base 16, what is 11 + 30?
41
In base 11, what is 838 - -1?
839
In base 3, what is -220120 + 10?
-220110
In base 3, what is -1100010 + 121?
-1022112
In base 3, what is 100 - -200?
1000
In base 7, what is 4430 + 0?
4430
In base 12, what is -132 - 5?
-137
In base 13, what is -1 - -626?
625
In base 6, what is -4 + 5351?
5343
In base 16, what is -2 + 97?
95
In base 5, what is -1 + -12320?
-12321
In base 7, what is -450 - -41?
-406
In base 8, what is -55 - 17?
-74
In base 11, what is 217 + -7?
210
In base 16, what is 5 - -e1?
e6
In base 15, what is -27 - -19?
-d
In base 9, what is 3 + 80?
83
In base 6, what is -2 + -2552?
-2554
In base 6, what is 1 - 2234?
-2233
In base 2, what is -101111010 - -10110?
-101100100
In base 7, what is -403 - 13?
-416
In base 11, what is -a1 - -2?
-9a
In base 5, what is 3422 + 144?
4121
In base 14, what is -a + 3a?
30
In base 9, what is -5 - 25?
-31
In base 14, what is -9 + -87?
-92
In base 3, what is 1022 - 0?
1022
In base 15, what is -d1 - 58?
-139
In base 3, what is -200 - 10210?
-11110
In base 2, what is 10011010 + -11?
10010111
In base 13, what is -4c6 + 6?
-4c0
In base 13, what is -1 + -12?
-13
In base 7, what is -2661 - -3?
-2655
In base 13, what is 2 - -408?
40a
In base 5, what is -1010 + 10?
-1000
In base 8, what is 361 - 22?
337
In base 11, what is 0 + 225?
225
In base 15, what is -53 + -2?
-55
In base 5, what is 2042 - 3?
2034
In base 16, what is 2fa + 3?
2fd
In base 10, what is 5 + -118?
-113
In base 10, what is -37570 + 2?
-37568
In base 8, what is -31 - 13?
-44
In base 11, what is -8 + 5a?
52
In base 6, what is 4 - 140?
-132
In base 3, what is 202 + 122101?
200010
In base 9, what is -17 + -43?
-61
In base 11, what is 5 - 67?
-62
In base 14, what is -21 - -3?
-1c
In base 6, what is -355 + 5?
-350
In base 6, what is -42 - 20?
-102
In base 10, what is -6 - 2947?
-2953
In base 11, what is -1327 + -2?
-1329
In base 2, what is 1001010000 - 110?
1001001010
In base 10, what is -38 - -27?
-11
In base 15, what is c - 6?
6
In base 5, what is 3 - -1141?
1144
In base 6, what is 33 + 24?
101
In base 5, what is 3 + 2?
10
In base 13, what is -5 + 590?
588
In base 15, what is -189 + -4?
-18d
In base 5, what is 2 + 230?
232
In base 8, what is 3035 + -2?
3033
In base 10, what is 66 - -4?
70
In base 5, what is 1001 + 1?
1002
In base 14, what is c8 - b?
bb
In base 12, what is -3 - 127?
-12a
In base 10, what is 1 - -1337?
1338
In base 2, what is -11 - 1010111?
-1011010
In base 14, what is 3 + -48?
-45
In base 4, what is -10 + -11130?
-11200
In base 4, what is -222 - 112?
-1000
In base 11, what is 25 - -20?
45
In base 3, what is -102202 - 200?
-110102
In base 15, what is 10 + 80?
90
In base 16, what is -4 - 17?
-1b
In base 3, what is -1000120 - 1?
-1000121
In base 6, what is 0 - -11512?
11512
In base 12, what is -20b + -4?
-213
In base 6, what is -4 + -120?
-124
In base 16, what is 0 - -33?
33
In base 7, what is 52 - 35?
14
In base 14, what is -4 + -35?
-39
In base 12, what is -5 + -4a?
-53
In base 9, what is -424 - -1?
-423
In base 11, what is -954 + -4?
-958
In base 3, what is 102120012 - 2?
102120010
In base 6, what is 111 + 414?
525
In base 2, what is 11 - -101111?
110010
In base 3, what is 200 - 1200?
-1000
In base 3, what is -10221011 + -11?
-10221022
In base 9, what is 2 + 33?
35
In base 14, what is -a - 53d?
-549
In base 4, what is 11 + 302?
313
In base 3, what is 10 + 2?
12
In base 16, what is -2 + -65?
-67
In base 7, what is -224 + -12?
-236
In base 3, what is -21 - 110?
-201
In base 13, what is 2 + -14b?
-149
In base 4, what is -1021 + -10?
-1031
In base 9, what is 1278 - -2?
1281
In base 5, what is 133 + -10?
123
In base 9, what is -433 + -4?
-437
In base 9, what is 55 + 852?
1017
In base 8, what is -2175 - -3?
-2172
In base 10, what is 302 + -4?
298
In base 5, what is 3 + -241?
-233
In base 12, what is -9529 - 0?
-9529
In base 3, what is 222201 + 1?
222202
In base 12, what is 0 + 269?
269
In base 6, what is -12 - -13103?
13051
In base 4, what is 211031 + 0?
211031
In base 15, what is -4 + -73?
-77
In base 10, what is 28 - -17?
45
In base 5, what is 202 + 10?
212
In base 12, what is 2 - 14?
-12
In base 16, what is 17 + e?
25
In base 15, what is 2e95 - 5?
2e90
In base 11, what is -108 + -31?
-139
In base 15, what is 333 - -1?
334
In base 4, what is -2023 + 1?
-2022
In base 9, what is -8 - -344?
335
In base 7, what is -102 - 10?
-112
In base 3, what is 2022010 + -10?
2022000
In base 10, what is 4 - 171?
-167
In base 2, what is 111101100 + -1000?
111100100
In base 14, what is -7 - -39?
32
In base 8, what is 1 - -11426?
11427
In base 3, what is -2 - -20?
11
In base 8, what is 60545 - -4?
60551
In base 10, what is -117 - -2?
-115
In base 14, what is -68 - 5?
-6d
In base 5, what is -1 - 21?
-22
In base 14, what is -18 - -15?
-3
In base 4, what is 2132 - 222?
1310
In base 16, what is -3ce - 5?
-3d3
In base 16, what is -6 - -9?
3
In base 5, what is 0 - 3?
-3
In base 13, what is -2 + 3c1?
3bc
In base 14, what is -21 - -30?
d
In base 9, what is 1 + -5583?
-5582
In base 14, what is -435 + 4?
-431
In base 15, what is e1 - 32?
ae
In base 2, what is 101100 + -101?
100111
In base 5, what is 432 + -311?
121
In base 11, what is 0 - 10?
-10
In base 12, what is -5b + -1?
-60
In base 13, what is 5 - -47?
4c
In base 16, what is 3 + -d?
-a
In base 14, what is 2b4 - 5?
2ad
In base 5, what is 1141 + -40?
1101
In base 10, what is 357 + 5?
362
In base 12, what is 2 - -222?
224
In base 7, what is 0 - 161?
-161
In base 8, what is -2 + 63?
61
In base 13, what is -13 - a?
-20
In base 7, what is 0 + 134?
134
In base 2, what is 10110001 + 1100?
10111101
In base 9, what is -62 - -14?
-47
In base 2, what is -10111111 - 10?
-11000001
In base 15, what is -17 - 2d?
-45
In base 2, what is -1010101 - -100?
-1010001
In base 14, what is -287 - 4?
-28b
In base 14, what is -8 - 13?
-1b
In base 15, what is -a6 - 2?
-a8
In base 15, what is -260c + -2?
-260e
In base 11, what is 4 + -29?
-25
In base 5, what is -444 - -10?
-434
In base 11, what is 57 - -38?
94
In base 16, what is -79 + 2?
-77
In base 5, what is -434 + -2?
-441
In base 16, what is a7 - -1a?
c1
In base 3, what is -12020 - 10?
-12100
In base 8, what is -7 - 26?
-35
In base 15, what is 11 - 10?
1
In base 16, what is 0 + -2d5?
-2d5
In base 10, what is -8 + -852?
-860
In base 8, what is -6 - -2221?
2213
In base 11, what is 47 - -4?
50
In base 5, what is 11214 - 3?
11211
In base 8, what is 1471 - -1?
1472
In base 9, what is 5 - 170?
-164
In base 6, what is -120 + -1?
-121
In base 15, what is 12 + 17?
29
In base 12, what is -10a5 - 0?
-10a5
In base 13, what is 0 + -1?
-1
In base 8, what is 2 - 134?
-132
In base 16, what is 1 + 1692?
1693
In base 14, what is 91 - 3?
8c
In base 10, what is 335 - 2?
333
In base 15, what is -4e + 35?
-19
In base 5, what is 4 - 2032?
-2023
In base 8, what is 627 - 3?
624
In base 5, what is -4 + -30401?
-30410
In base 16, what is 6 - -8fe?
